{"id":53498,"date":"2023-11-12T20:52:43","date_gmt":"2023-11-12T19:52:43","guid":{"rendered":"https:\/\/freie-schule.info\/home\/?page_id=53498"},"modified":"2026-05-15T20:40:04","modified_gmt":"2026-05-15T19:40:04","slug":"lernen-in-der-sekundarstufe","status":"publish","type":"page","link":"https:\/\/freie-schule.info\/home\/lernen-in-der-sekundarstufe\/","title":{"rendered":"Lernen in der Sekundarstufe"},"content":{"rendered":"\n<div class=\"et_d4_element et_pb_section et_pb_section_0 et_animated et_pb_with_background  et_pb_css_mix_blend_mode et_section_regular et_block_section\" >\n\t\t\t\t\n\t\t\t\t\n\t\t\t\t\n\t\t\t\t\n\t\t\t\t\n\t\t\t\t\n\t\t\t\t<div class=\"et_d4_element et_pb_row et_pb_row_0  et_pb_css_mix_blend_mode et_block_row\">\n\t\t\t\t<div class=\"et_d4_element et_pb_column_4_4 et_pb_column et_pb_column_0  et_pb_css_mix_blend_mode et-last-child et_block_column\">\n\t\t\t\t\n\t\t\t\t\n\t\t\t\t\n\t\t\t\t\n\t\t\t\t<div class=\"et_pb_module et_d4_element et_pb_text et_pb_text_0  et_pb_text_align_center et_pb_bg_layout_dark\">\n\t\t\t\t\n\t\t\t\t\n\t\t\t\t\n\t\t\t\t\n\t\t\t\t<div class=\"et_pb_text_inner\"><h1 style=\"text-align: center;\">Lernen in der Sekundarstufe<\/h1><\/div>\n\t\t\t<\/div>\n\t\t\t<\/div>\n\t\t\t\t\n\t\t\t\t\n\t\t\t\t\n\t\t\t\t\n\t\t\t<\/div>\n\t\t\t\t\n\t\t\t\t\n\t\t\t<\/div><div class=\"et_d4_element et_pb_section et_pb_section_1 et_pb_with_background  et_pb_css_mix_blend_mode et_section_regular et_block_section\" >\n\t\t\t\t\n\t\t\t\t\n\t\t\t\t\n\t\t\t\t\n\t\t\t\t\n\t\t\t\t\n\t\t\t\t<div class=\"et_d4_element et_pb_row et_pb_row_1  et_pb_css_mix_blend_mode et_block_row\">\n\t\t\t\t<div class=\"et_d4_element et_pb_column_4_4 et_pb_column et_pb_column_1  et_pb_css_mix_blend_mode et-last-child et_block_column\">\n\t\t\t\t\n\t\t\t\t\n\t\t\t\t\n\t\t\t\t\n\t\t\t\t<div class=\"et_pb_with_border et_pb_module et_d4_element et_pb_text et_pb_text_1  et_pb_text_align_left et_pb_bg_layout_light\">\n\t\t\t\t\n\t\t\t\t\n\t\t\t\t\n\t\t\t\t\n\t\t\t\t<div class=\"et_pb_text_inner\"><p>Das Lernen in der Sekundarstufe findet in ganz unterschiedlichen Lernformen statt, denn Kinder lernen immer, egal was sie tun. Deswegen k\u00f6nnen sie an der Freien Schule Tecklenburger Land aus verschiedenen Angeboten w\u00e4hlen. Sie werden nicht zu einer bestimmten Aktivit\u00e4t gezwungen und k\u00f6nnen immer eine stille Arbeit w\u00e4hlen oder beispielsweise im \u201eSozi\u201c laut sein.<\/p>\n<p>Es gibt an der Freien Schule Tecklenburger Land zu den verschiedenen Zeiten des Tages ganz verschiedene Lernformen, die meist von Lernbegleiter*innen, aber auch von Eltern oder Sch\u00fcler*innen angeboten werden. Zwei dieser Lernformen sind die Freiarbeit und der vernetzte Unterricht. In der Freiarbeit k\u00f6nnen sich die Kinder still mit selbst gew\u00e4hlten Aktivit\u00e4ten besch\u00e4ftigen. Das kann \u2013 muss aber nicht \u2013 ein im Lehrplan verankerter Inhalt sein. F\u00fcr die Erarbeitung der Inhalte und Kompetenzen der sogenannten Hauptf\u00e4cher Mathe, Deutsch und Englisch haben wir Kompetenzraster entwickelt. Diese k\u00f6nnen in der Freiarbeit bearbeitet werden. Mit den Kompetenzrastern und dem vernetzten Unterricht wird an den Lerninhalten und Kompetenzen gearbeitet, die in den Kernlehrpl\u00e4nen des Landes NRW beschrieben sind.<\/p>\n<p>Wenn in den Jahrg\u00e4ngen 9 und 10 der Abschluss und damit die zentralen Abschlusspr\u00fcfungen vor der T\u00fcr stehen, werden die Inhalte der Hauptf\u00e4cher auch noch einmal in Kursform wiederholt. So sind die Sch\u00fcler*innen gut auf die Abschlusspr\u00fcfungen vorbereitet.<\/p><\/div>\n\t\t\t<\/div><div class=\"et_pb_module et_d4_element et_pb_divider_0 et_pb_space et_pb_divider_hidden\"><div class=\"et_pb_divider_internal\"><\/div><\/div>\n\t\t\t<\/div>\n\t\t\t\t\n\t\t\t\t\n\t\t\t\t\n\t\t\t\t\n\t\t\t<\/div><div class=\"et_d4_element et_pb_row et_pb_row_2  et_pb_css_mix_blend_mode et_block_row\">\n\t\t\t\t<div class=\"et_d4_element et_pb_column_4_4 et_pb_column et_pb_column_2  et_pb_css_mix_blend_mode et-last-child et_block_column\">\n\t\t\t\t\n\t\t\t\t\n\t\t\t\t\n\t\t\t\t\n\t\t\t\t<div class=\"et_pb_module et_d4_element et_pb_accordion et_pb_accordion_0\">\n\t\t\t\t\n\t\t\t\t\n\t\t\t\t\n\t\t\t\t\n\t\t\t\t<div class=\"et_pb_toggle et_pb_module et_d4_element et_pb_accordion_item et_pb_accordion_item_0  et_pb_toggle_open\">\n\t\t\t\t\n\t\t\t\t\n\t\t\t\t\n\t\t\t\t\n\t\t\t\t<h5 class=\"et_pb_toggle_title\">Vernetzter Unterricht<\/h5>\n\t\t\t\t<div class=\"et_pb_toggle_content clearfix\"><p>Der vernetzte Unterricht findet 4 mal pro Woche in der ersten Lernzeit (von 8:45 bis 10:30) statt. Die Inhalte und Kompetenzen der Kernlehrpl\u00e4ne aller F\u00e4cher wurden auf 60 Epochen verteilt, die den Sch\u00fcler*innen im Lauf ihrer Schulzeit an der Freien Schule Tecklenburger Land angeboten werden. In jedem Schuljahr werden 10 Epochen \u00fcber jeweils 4 Wochen angeboten. Einen \u00dcberblick \u00fcber die Epochen des Schuljahres 2019\/20 findet ihr <a href=\"vernetzter-unterricht-im-schuljahr-2019-20\">hier<\/a>.<\/p>\n<p>Die Sch\u00fcler*innen k\u00f6nnen sich vom vernetzten Unterricht f\u00fcr die jeweils laufende Epoche abmelden. Dann sind sie selbst daf\u00fcr verantwortlich, sich die Inhalte auf andere Weise zu erarbeiten. Hilfe gibt dabei auf Anfrage der\/die durchf\u00fchrende Lernbegleiter*in. Die teilnehmenden Sch\u00fcler*innen werden in Unterrichtsform mit den festgelegten Inhalten und Kompetenzen in Kontakt gebracht. Dabei sind die Inhalte und Kompetenzen so ausgew\u00e4hlt, dass m\u00f6glichst viele verschiedene Schulf\u00e4cher in die Epochen eingebunden werden. Der vernetzte Unterricht findet jahrgangs\u00fcbergreifend f\u00fcr die Jahrg\u00e4nge 5-7 bzw. 8-10 statt.<\/p><\/div>\n\t\t\t<\/div><div class=\"et_pb_toggle et_pb_module et_d4_element et_pb_accordion_item et_pb_accordion_item_1  et_pb_toggle_close\">\n\t\t\t\t\n\t\t\t\t\n\t\t\t\t\n\t\t\t\t\n\t\t\t\t<h5 class=\"et_pb_toggle_title\">Kompetenzraster<\/h5>\n\t\t\t\t<div class=\"et_pb_toggle_content clearfix\"><p><span>Um die Inhalte der sogenannten \u201eHauptf\u00e4cher \u201c Mathe, Deutsch und Englisch systematisch zu erlernen, haben wir <\/span><a href=\"https:\/\/sites.google.com\/fstl-ibb.de\/kora\/startseite\">Kompetenzraster<\/a><span> erarbeitet. Die F\u00e4cher wurden entsprechend ihrer Fachsystematik in 4 (Deutsch), 7 (Mathe) oder 8 (Englisch) Kompetenzbereiche aufgeteilt. Diese stellen die 8 Zeilen des Kompetenzrasters dar. Auf jeweils 3 Seiten stellen 15 bzw. 18 Spalten die Stufen dar, in denen sich die Kinder in ihrem eigenen Tempo vorw\u00e4rts bewegen k\u00f6nnen. Dabei k\u00f6nnen sie selbst w\u00e4hlen, mit welchen Kompetenzbereichen der F\u00e4cher und mit welchen F\u00e4chern sie sich gerade mehr oder weniger besch\u00e4ftigen m\u00f6chten. Jedes Feld der Tabellen stellt einen Baustein dar, der mit einer Lernwegeliste verbunden ist (daf\u00fcr ben\u00f6tigt man ein Passwort, das jede\/r Sch\u00fcler*innen besitzt \u2013 <\/span><a href=\"https:\/\/freie-schule.info\/wp-content\/uploads\/2019\/11\/Kopie-von-M4-03.pdf\">Hier<\/a><span> ist ein Beispiel f\u00fcr eine solche Lernwegeliste in Mathe). Hier wird ein Weg zur Erarbeitung des Bausteins vorgeschlagen und Material angeboten. Dieses Material k\u00f6nnen sich die Sch\u00fcler*innen selbst auf einer Druckstation ausdrucken und bearbeiten. Teilweise handelt es sich bei den Materialien um klassische Arbeitsbl\u00e4tter, teils um multimediale Inhalte wie Lernvideos, teils auch um Anregungen f\u00fcr Montessorimaterial oder andere Materialien zur aktiven Erschlie\u00dfung der Lerninhalte.<\/span><\/p><\/div>\n\t\t\t<\/div>\n\t\t\t<\/div>\n\t\t\t<\/div>\n\t\t\t\t\n\t\t\t\t\n\t\t\t\t\n\t\t\t\t\n\t\t\t<\/div>\n\t\t\t\t\n\t\t\t\t\n\t\t\t<\/div>\n","protected":false},"excerpt":{"rendered":"","protected":false},"author":1,"featured_media":0,"parent":0,"menu_order":0,"comment_status":"closed","ping_status":"closed","template":"","meta":{"_et_pb_use_builder":"on","_et_pb_old_content":"","_et_gb_content_width":"","footnotes":""},"class_list":["post-53498","page","type-page","status-publish","hentry"],"_links":{"self":[{"href":"https:\/\/freie-schule.info\/home\/wp-json\/wp\/v2\/pages\/53498","targetHints":{"allow":["GET"]}}],"collection":[{"href":"https:\/\/freie-schule.info\/home\/wp-json\/wp\/v2\/pages"}],"about":[{"href":"https:\/\/freie-schule.info\/home\/wp-json\/wp\/v2\/types\/page"}],"author":[{"embeddable":true,"href":"https:\/\/freie-schule.info\/home\/wp-json\/wp\/v2\/users\/1"}],"replies":[{"embeddable":true,"href":"https:\/\/freie-schule.info\/home\/wp-json\/wp\/v2\/comments?post=53498"}],"version-history":[{"count":5,"href":"https:\/\/freie-schule.info\/home\/wp-json\/wp\/v2\/pages\/53498\/revisions"}],"predecessor-version":[{"id":53760,"href":"https:\/\/freie-schule.info\/home\/wp-json\/wp\/v2\/pages\/53498\/revisions\/53760"}],"wp:attachment":[{"href":"https:\/\/freie-schule.info\/home\/wp-json\/wp\/v2\/media?parent=53498"}],"curies":[{"name":"wp","href":"https:\/\/api.w.org\/{rel}","templated":true}]}}