{"id":53486,"date":"2023-11-12T20:42:32","date_gmt":"2023-11-12T19:42:32","guid":{"rendered":"https:\/\/freie-schule.info\/home\/?page_id=53486"},"modified":"2023-11-12T20:44:35","modified_gmt":"2023-11-12T19:44:35","slug":"lernen-in-der-oberstufe","status":"publish","type":"page","link":"https:\/\/freie-schule.info\/home\/lernen-in-der-oberstufe\/","title":{"rendered":"Lernen in der Oberstufe"},"content":{"rendered":"\n[et_pb_section fb_built=&#8220;1&#8243; admin_label=&#8220;Hero Section&#8220; _builder_version=&#8220;4.23.1&#8243; use_background_color_gradient=&#8220;on&#8220; background_color_gradient_stops=&#8220;#000000 0%|rgba(0,0,0,0) 100%&#8220; background_color_gradient_overlays_image=&#8220;on&#8220; background_color_gradient_start=&#8220;#000000&#8243; background_color_gradient_end=&#8220;rgba(0,0,0,0)&#8220; background_image=&#8220;https:\/\/freie-schule.info\/wp-content\/uploads\/2023\/11\/00bb7404-a725-4435-b3b5-db5554fecc84_out-2016&#215;1272.jpg&#8220; custom_margin=&#8220;|||&#8220; custom_padding=&#8220;5.1%||5.1%||true|false&#8220; animation_style=&#8220;fade&#8220; hover_enabled=&#8220;0&#8243; global_colors_info=&#8220;{}&#8220; sticky_enabled=&#8220;0&#8243;][et_pb_row _builder_version=&#8220;4.16&#8243; global_colors_info=&#8220;{}&#8220;][et_pb_column type=&#8220;4_4&#8243; _builder_version=&#8220;4.16&#8243; custom_padding=&#8220;|||&#8220; global_colors_info=&#8220;{}&#8220; custom_padding__hover=&#8220;|||&#8220;][et_pb_text _builder_version=&#8220;4.23.1&#8243; text_font_size=&#8220;24px&#8220; text_line_height=&#8220;1.6em&#8220; header_font=&#8220;Nunito||||||||&#8220; header_font_size=&#8220;80px&#8220; header_line_height=&#8220;1.1em&#8220; text_orientation=&#8220;center&#8220; background_layout=&#8220;dark&#8220; module_alignment=&#8220;center&#8220; hover_enabled=&#8220;0&#8243; header_font_size_tablet=&#8220;&#8220; header_font_size_phone=&#8220;48px&#8220; header_font_size_last_edited=&#8220;on|phone&#8220; global_colors_info=&#8220;{}&#8220; sticky_enabled=&#8220;0&#8243;]<h1 style=\"text-align: center;\">Lernen in der Oberstufe<\/h1>[\/et_pb_text][\/et_pb_column][\/et_pb_row][\/et_pb_section][et_pb_section fb_built=&#8220;1&#8243; _builder_version=&#8220;4.16&#8243; background_color=&#8220;rgba(255,255,255,0.89)&#8220; background_image=&#8220;https:\/\/freie-schule.info\/wp-content\/uploads\/2017\/12\/logo_FSTL_g_oT.png&#8220; background_blend=&#8220;screen&#8220; global_colors_info=&#8220;{}&#8220;][et_pb_row _builder_version=&#8220;4.16&#8243; custom_padding=&#8220;||0px|||&#8220; global_colors_info=&#8220;{}&#8220;][et_pb_column type=&#8220;4_4&#8243; _builder_version=&#8220;4.16&#8243; custom_padding=&#8220;|||&#8220; global_colors_info=&#8220;{}&#8220; custom_padding__hover=&#8220;|||&#8220;][et_pb_text _builder_version=&#8220;4.23.1&#8243; hover_enabled=&#8220;0&#8243; global_colors_info=&#8220;{}&#8220; sticky_enabled=&#8220;0&#8243; background_color=&#8220;#FFFFFF&#8220; border_width_all=&#8220;1px&#8220; border_color_all=&#8220;#D6D6D6&#8243; custom_padding=&#8220;20px|20px|20px|20px|true|true&#8220;]<p>Seit Sommer 2023 hat die Freie Schule Tecklenburger Land eine gymnsiale Oberstufe. Hier lernen pro Jahrgang 10-15 Jugendliche in einer \u00fcberschauberen Gruppe und ab 2026 k\u00f6nnen Sie an unserer Schule im ganz normalen Verfahren ihr Abitur ablegen. Wie schon in der Grundschule und der Sekundarstufe I ist uns das enge Verh\u00e4ltnis zum\/zur Mentor*in in der Oberstufe besonders wichtig. Um eine so kleine Oberstufe zu erm\u00f6glichen, mussten die Fachwahlm\u00f6glichkeiten eingeschr\u00e4nkt werden.<\/p>\n<p>Weitere wichtige Elemente sind:<\/p>\n<ul>\n<li style=\"text-align: left;\">F\u00fcnf schriftliche F\u00e4cher plus Fremdsprache<\/li>\n<li style=\"text-align: left;\">f\u00e4cher\u00fcbergreifendes Arbeiten im vernetzten Unterricht<\/li>\n<li style=\"text-align: left;\">gro\u00dfer Anteil selbstverantwortlichen Lernens<\/li>\n<li style=\"text-align: left;\">flexible Zeiten<\/li>\n<li style=\"text-align: left;\">gemeinsamer Tagesanfang<\/li>\n<\/ul>[\/et_pb_text][et_pb_divider show_divider=&#8220;off&#8220; _builder_version=&#8220;4.16&#8243; max_width=&#8220;41%&#8220; module_alignment=&#8220;center&#8220; global_colors_info=&#8220;{}&#8220;][\/et_pb_divider][\/et_pb_column][\/et_pb_row][et_pb_row _builder_version=&#8220;4.23&#8243; _module_preset=&#8220;default&#8220; global_colors_info=&#8220;{}&#8220; locked=&#8220;off&#8220;][et_pb_column type=&#8220;4_4&#8243; _builder_version=&#8220;4.23&#8243; _module_preset=&#8220;default&#8220; global_colors_info=&#8220;{}&#8220;][et_pb_accordion _builder_version=&#8220;4.23.1&#8243; _module_preset=&#8220;default&#8220; background_color=&#8220;RGBA(255,255,255,0)&#8220; hover_enabled=&#8220;0&#8243; global_colors_info=&#8220;{}&#8220; sticky_enabled=&#8220;0&#8243;][et_pb_accordion_item title=&#8220;Vernetzter Unterricht&#8220; _builder_version=&#8220;4.23&#8243; _module_preset=&#8220;default&#8220; global_colors_info=&#8220;{}&#8220; open=&#8220;off&#8220;]<p>In der Oberstufe sind 5 F\u00e4cher (Physik, Musik, Erdkunde, Geschichte, Religion\/Philosophie) nicht schriftlich anw\u00e4hlbar. Jeweils zwei davon bearbeiten in einer Epoche (4 Wochen) ein Thema aus den verschiedenen Perspektiven der F\u00e4cher. Der VU findet 4 mal pro Woche am Nachmittag statt.<\/p>[\/et_pb_accordion_item][et_pb_accordion_item title=&#8220;selbstverantwortliches Arbeiten&#8220; _builder_version=&#8220;4.23&#8243; _module_preset=&#8220;default&#8220; global_colors_info=&#8220;{}&#8220; open=&#8220;off&#8220;]<p>In unserer Oberstufe haben wir nur einen Teil der Unterrichtszeiten in klassischer Form vorgesehen. Eine Zeitstunde pro Woche findet in den schriftlichen F\u00e4chern (Mathe, Deutsch, Englisch, Sozialwissenschaften und Biologie) eine Unterrichtsstunde unter Leitung eines\/einer Lernbegleiter*in (Fachlehrer*in) statt. Der Rest der in der Stundentafel vorgegebenen Unterrichtszeit findet als &#8222;Studierzeit&#8220; statt. Hier ist ein*e Fachlehrer*in anwesend, so dass Fragen gekl\u00e4rt werden k\u00f6nnen. Haupts\u00e4chlich arbeiten die Sch\u00fcler*innen aber selbstst\u00e4ndig an Aufgaben, die sich aus dem Unterricht ergeben.<\/p>[\/et_pb_accordion_item][et_pb_accordion_item title=&#8220;flexible Zeiten&#8220; _builder_version=&#8220;4.23&#8243; _module_preset=&#8220;default&#8220; global_colors_info=&#8220;{}&#8220; open=&#8220;off&#8220;]<p>Der Tag gliedert sich in mehrere Lernzeiten. Ab 8:45 Uhr m\u00fcssen alle Sch\u00fcler*innen anwesend sein. Davor sind 45 Minuten &#8222;offener Anfang&#8220;. Eine*e Lernbegleiter*in ist anwesend oder ansprechbar und die Sch\u00fcler*innen bearbeiten Aufgaben wie in der Studierzeit.<\/p>\n<p>Genauso befindet sich am Ende des Schultages (14:30-15:15 Uhr) ein &#8222;offenes Ende&#8220;. Die Sch\u00fcler*innen sind verpflichtet, von diesen 90 Minuten offener Zeit durchschnittlich mindestens 30 Minuten zu arbeiten. Wann sie dies tun, k\u00f6nnen sie selbst entscheiden. F\u00fcr Fr\u00fchaufsteher*innen ist daf\u00fcr der Morgen geeignet, Langschl\u00e4fer*innen k\u00f6nnen ihren Schultag aber auch erst um 8:45 Uhr beginnen.<\/p>[\/et_pb_accordion_item][et_pb_accordion_item title=&#8220;schriftliche F\u00e4cher&#8220; _builder_version=&#8220;4.23&#8243; _module_preset=&#8220;default&#8220; global_colors_info=&#8220;{}&#8220; open=&#8220;off&#8220;]<p>Die F\u00e4cher Mathematik, Deutsch, Englisch, Biologie und Sozialwissenschaften werden an der FSTL schriftlich durchgef\u00fchrt. Aus ihnen m\u00fcssen zum Beginn der 12. Klasse die beiden Leistungskurse und am Ende der Oberstufe die vier Abiturf\u00e4cher gew\u00e4hlt werden. Die Leistungskurse werden in der Regel im &#8222;Huckepack&#8220; durchgef\u00fchrt. Das bedeutet, dass alle Sch\u00fcler*innen gemeinsam die Zeiten des Grundkurses besuchen und die LK-Sch\u00fcler*innen dann an einer zus\u00e4tzlichen Zeitstunde (plus ein entsprechender Anteil im Rahmen der Studierzeit) Unterricht f\u00fcr vertiefende Inhalte teilnehmen.<\/p>[\/et_pb_accordion_item][et_pb_accordion_item title=&#8220;gemeinsamer Tagesanfang&#8220; _builder_version=&#8220;4.23&#8243; _module_preset=&#8220;default&#8220; global_colors_info=&#8220;{}&#8220; open=&#8220;off&#8220;]Der Schultag beginnt in der Oberstufe der FSTL mit einem gemeinsamen Morgenkreis. Reihum bereitet immer ein*e Sch\u00fcler*in einen kurzen Input vor. Manchmal ist das eine kurze politische Diskussion, manchmal eine kleine k\u00f6rperliche Aufw\u00e4rm\u00fcbung und manchmal ein Quiz. Das sind nur einige beispiele, wie der Morgenkreis aussehen kann. Nach 15 Minuten beginnt dann die erste Lernzeit mit unterrichtslichen Inhalten.[\/et_pb_accordion_item][et_pb_accordion_item title=&#8220;Abitur ohne Externenpr\u00fcfung&#8220; _builder_version=&#8220;4.23&#8243; _module_preset=&#8220;default&#8220; global_colors_info=&#8220;{}&#8220; open=&#8220;off&#8220;]<p>Als Ersatzschule sind wir berechtigt, alle P\u00fcfungen durchzuf\u00fchren und alle Noten selbst zu vergeben. Es ist also bei uns &#8211; genauso wie an jeder \u00f6ffentlichen Schule &#8211; nicht n\u00f6tig, ein aufw\u00e4ndiges Verfahren mit Externenpr\u00fcfungen durchzuf\u00fchren. Das Abitur besteht wie bei allen\u00f6ffentlichen Schulen aus Klausuren in den drei schriftlichen Pr\u00fcfungsf\u00e4chern und einer m\u00fcndlichen Pr\u00fcfung im vierten Abiturfach. Unser Abitur ist gleichwertig mit dem an jeder \u00f6ffenlichen Schule. Es berechtigt zum Besuch einer Universit\u00e4t.<\/p>[\/et_pb_accordion_item][\/et_pb_accordion][\/et_pb_column][\/et_pb_row][\/et_pb_section]\n","protected":false},"excerpt":{"rendered":"<p>Lernen in der OberstufeSeit Sommer 2023 hat die Freie Schule Tecklenburger Land eine gymnsiale Oberstufe. Hier lernen pro Jahrgang 10-15 Jugendliche in einer \u00fcberschauberen Gruppe und ab 2026 k\u00f6nnen Sie an unserer Schule im ganz normalen Verfahren ihr Abitur ablegen. Wie schon in der Grundschule und der Sekundarstufe I ist uns das enge Verh\u00e4ltnis zum\/zur [&hellip;]<\/p>\n","protected":false},"author":1,"featured_media":0,"parent":0,"menu_order":0,"comment_status":"closed","ping_status":"closed","template":"","meta":{"_et_pb_use_builder":"on","_et_pb_old_content":"","_et_gb_content_width":"","footnotes":""},"class_list":["post-53486","page","type-page","status-publish","hentry"],"_links":{"self":[{"href":"https:\/\/freie-schule.info\/home\/wp-json\/wp\/v2\/pages\/53486","targetHints":{"allow":["GET"]}}],"collection":[{"href":"https:\/\/freie-schule.info\/home\/wp-json\/wp\/v2\/pages"}],"about":[{"href":"https:\/\/freie-schule.info\/home\/wp-json\/wp\/v2\/types\/page"}],"author":[{"embeddable":true,"href":"https:\/\/freie-schule.info\/home\/wp-json\/wp\/v2\/users\/1"}],"replies":[{"embeddable":true,"href":"https:\/\/freie-schule.info\/home\/wp-json\/wp\/v2\/comments?post=53486"}],"version-history":[{"count":4,"href":"https:\/\/freie-schule.info\/home\/wp-json\/wp\/v2\/pages\/53486\/revisions"}],"predecessor-version":[{"id":53497,"href":"https:\/\/freie-schule.info\/home\/wp-json\/wp\/v2\/pages\/53486\/revisions\/53497"}],"wp:attachment":[{"href":"https:\/\/freie-schule.info\/home\/wp-json\/wp\/v2\/media?parent=53486"}],"curies":[{"name":"wp","href":"https:\/\/api.w.org\/{rel}","templated":true}]}}