{"id":53051,"date":"2022-01-09T20:18:31","date_gmt":"2022-01-09T19:18:31","guid":{"rendered":"https:\/\/freie-schule.info\/home\/?page_id=53051"},"modified":"2023-05-12T19:34:47","modified_gmt":"2023-05-12T18:34:47","slug":"bildungistpolitisch","status":"publish","type":"page","link":"https:\/\/freie-schule.info\/home\/bildungistpolitisch\/","title":{"rendered":"#bildungistpolitisch"},"content":{"rendered":"[et_pb_section fb_built=&#8220;1&#8243; admin_label=&#8220;section&#8220; _builder_version=&#8220;4.16&#8243; global_colors_info=&#8220;{}&#8220;][et_pb_row admin_label=&#8220;row&#8220; _builder_version=&#8220;4.16&#8243; background_size=&#8220;initial&#8220; background_position=&#8220;top_left&#8220; background_repeat=&#8220;repeat&#8220; global_colors_info=&#8220;{}&#8220;][et_pb_column type=&#8220;4_4&#8243; _builder_version=&#8220;4.16&#8243; custom_padding=&#8220;|||&#8220; global_colors_info=&#8220;{}&#8220; custom_padding__hover=&#8220;|||&#8220;][et_pb_text admin_label=&#8220;Text&#8220; _builder_version=&#8220;4.16&#8243; background_size=&#8220;initial&#8220; background_position=&#8220;top_left&#8220; background_repeat=&#8220;repeat&#8220; global_colors_info=&#8220;{}&#8220;]\n<div class=\"wp-block-columns is-layout-flex wp-container-core-columns-is-layout-9d6595d7 wp-block-columns-is-layout-flex\">\n<div class=\"wp-block-column is-layout-flow wp-block-column-is-layout-flow\" style=\"flex-basis:100%\">\n<p>Unsere Schule ist Mitglied im &#8222;Bundesverband freier Alternativschulen&#8220; (BFAS). Auf dessen diesj\u00e4hrigen Bundestreffen wurde folgende Resolution besprochen und bei der Mitgliederversammlung \u00fcberarbeitet und verabschiedet:&nbsp;<\/p>\n<\/div>\n<\/div>\n\n\n\n<div class=\"wp-block-group is-layout-constrained wp-block-group-is-layout-constrained\">\n<blockquote class=\"wp-block-quote is-style-default is-layout-flow wp-block-quote-is-layout-flow\">\n<p>&#8222;<small>Update unserer Tempelhofer Resolution<\/small>:\u00a0<\/p>\n\n\n\n<p>______________________\u00a0<br><small>Resolution des BFAS<\/small><br><small>#bildungistpolitisch 2021<\/small><br><br><strong><small>Als Mitgliedsschulen des BFAS sind f\u00fcr uns<\/small><br><small>die Individualit\u00e4t und die W\u00fcrde jedes Menschen,<\/small><br><small>der Anspruch auf eine selbstbestimmte Zukunft<\/small><br><small>und gleiche Rechte Ausgangspunkte unserer Arbeit.<\/small><\/strong><\/p>\n\n\n\n<p><strong><small>Diese Haltung bestimmt unseren Blick auf die Gesellschaft.<\/small><br><small>Unser Engagement f\u00fcr Bildung ist ein zivilgesellschaftliches<\/small><br><small>Engagement.<\/small><\/strong><\/p>\n\n\n\n<p><strong><small>Deshalb wenden wir uns gegen jeden Versuch, Grund- und<\/small><br><small>Menschenrechte (inklusive der Kinderrechte) auf einzelne<\/small><br><small>Gruppen zu beschr\u00e4nken. Wir grenzen uns deutlich gegen<\/small><br><small>rechte und demokratiefeindliche Tendenzen und Gruppen<\/small><br><small>ab und positionieren uns antifaschistisch.<\/small><\/strong><\/p>\n\n\n\n<p><strong><small>Wir stellen uns gruppenbezogener Menschenfeindlichkeit<\/small><br><small>(z.B. Rassismus und Sexismus) entgegen<\/small><br><small>und leben Diversit\u00e4t und Inklusion.<\/small><\/strong><\/p>\n\n\n\n<p><strong><small>Wir folgen dem aktuellen Stand der Wissenschaft.<\/small><br><small>Verschw\u00f6rungsmythen und Populismus<\/small><br><small>haben f\u00fcr uns kein Gewicht.<\/small><\/strong><\/p>\n\n\n\n<p><small>Wir k\u00e4mpfen f\u00fcr unsere gemeinsame Demokratie:<\/small><br><small><strong>Die W\u00fcrde des Menschen ist unantastbar.<\/strong><\/small><\/p>\n\n\n\n<p><small>Beschlossen auf der BFAS Mitgliederversammlung in Berlin &#8211; Oktober 2021&#8243;<\/small><br>______________________&nbsp;<\/p>\n<\/blockquote>\n<\/div>\n\n\n\n<div class=\"wp-block-columns is-layout-flex wp-container-core-columns-is-layout-9d6595d7 wp-block-columns-is-layout-flex\">\n<div class=\"wp-block-column is-layout-flow wp-block-column-is-layout-flow\" style=\"flex-basis:100%\">\n<p>Nicht nur weil wir &#8211; die Freie Schule Tecklenburger Land &#8211; Mitglied im BFAS sind, unterst\u00fctzen wir diese Resolution, sondern wir f\u00fchlen uns auf Grund unseres gesellschaftlichen Verst\u00e4ndnisses aus tiefer \u00dcberzeugung dazu verpflichtet.&nbsp;&nbsp;<\/p>\n<\/div>\n<\/div>\n\n\n\n<div class=\"wp-block-columns is-layout-flex wp-container-core-columns-is-layout-9d6595d7 wp-block-columns-is-layout-flex\">\n<div class=\"wp-block-column is-layout-flow wp-block-column-is-layout-flow\" style=\"flex-basis:100%\">\n<p>Eine Zustimmung dieser Resolution bedeutet nicht, sich nicht &#8211; mehr &#8211; mit diesen Themen auseinanderzusetzen. Denn das wird immer wieder an verschiedenen Stellen ein Thema sowohl in unserer Gesellschaft als auch an unserer Schule sein &#8211; sei es im sozialen oder auch im schulisch\/inhaltlichen Kontext. Eine Zustimmung bedeutet letztendlich, dass wir uns ganz klar von verschiedenen Extremen abgrenzen und uns Werte wie Individualit\u00e4t, Menschlichkeit, Diversit\u00e4t, Inklusion und Demokratie in unserem Alltag wichtig sind und wir sie leben (wollen). Nicht immer gelingt das, aber wichtig ist daher weiterhin die Auseinandersetzung damit &#8211; gerade an einer Schule wie unserer!&nbsp;<\/p>\n<\/div>\n<\/div>\n[\/et_pb_text][\/et_pb_column][\/et_pb_row][et_pb_row _builder_version=&#8220;4.21.0&#8243; _module_preset=&#8220;default&#8220;][et_pb_column _builder_version=&#8220;4.21.0&#8243; _module_preset=&#8220;default&#8220; type=&#8220;4_4&#8243;][et_pb_image src=&#8220;https:\/\/freie-schule.info\/wp-content\/uploads\/2023\/05\/bfas_logo2023-scaled.jpg&#8220; _builder_version=&#8220;4.21.0&#8243; _module_preset=&#8220;default&#8220; title_text=&#8220;bfas_logo2023&#8243; url=&#8220;www.freie-alternativschulen.de&#8220; url_new_window=&#8220;on&#8220; hover_enabled=&#8220;0&#8243; sticky_enabled=&#8220;0&#8243;][\/et_pb_image][\/et_pb_column][\/et_pb_row][\/et_pb_section]","protected":false},"excerpt":{"rendered":"<p>Unsere Schule ist Mitglied im &#8222;Bundesverband freier Alternativschulen&#8220; (BFAS). Auf dessen diesj\u00e4hrigen Bundestreffen wurde folgende Resolution besprochen und bei der Mitgliederversammlung \u00fcberarbeitet und verabschiedet:&nbsp; &#8222;Update unserer Tempelhofer Resolution:\u00a0 ______________________\u00a0Resolution des BFAS#bildungistpolitisch 2021Als Mitgliedsschulen des BFAS sind f\u00fcr unsdie Individualit\u00e4t und die W\u00fcrde jedes Menschen,der Anspruch auf eine selbstbestimmte Zukunftund gleiche Rechte Ausgangspunkte unserer Arbeit. Diese [&hellip;]<\/p>\n","protected":false},"author":4,"featured_media":0,"parent":0,"menu_order":0,"comment_status":"closed","ping_status":"closed","template":"","meta":{"_et_pb_use_builder":"on","_et_pb_old_content":"<!-- wp:columns -->\n<div class=\"wp-block-columns\"><!-- wp:column {\"width\":\"100%\"} -->\n<div class=\"wp-block-column\" style=\"flex-basis:100%\"><!-- wp:paragraph -->\n<p>Unsere Schule ist Mitglied im \"Bundesverband freier Alternativschulen\" (BFAS). Auf dessen diesj\u00e4hrigen Bundestreffen wurde folgende Resolution besprochen und bei der Mitgliederversammlung \u00fcberarbeitet und verabschiedet:&nbsp;<\/p>\n<!-- \/wp:paragraph --><\/div>\n<!-- \/wp:column --><\/div>\n<!-- \/wp:columns -->\n\n<!-- wp:group {\"layout\":{\"type\":\"constrained\"}} -->\n<div class=\"wp-block-group\"><!-- wp:quote {\"className\":\"is-style-default\"} -->\n<blockquote class=\"wp-block-quote is-style-default\"><!-- wp:paragraph -->\n<p>\"<small>Update unserer Tempelhofer Resolution<\/small>:\u00a0<\/p>\n<!-- \/wp:paragraph -->\n\n<!-- wp:paragraph -->\n<p>______________________\u00a0<br><small>Resolution des BFAS<\/small><br><small>#bildungistpolitisch 2021<\/small><br><br><strong><small>Als Mitgliedsschulen des BFAS sind f\u00fcr uns<\/small><br><small>die Individualit\u00e4t und die W\u00fcrde jedes Menschen,<\/small><br><small>der Anspruch auf eine selbstbestimmte Zukunft<\/small><br><small>und gleiche Rechte Ausgangspunkte unserer Arbeit.<\/small><\/strong><\/p>\n<!-- \/wp:paragraph -->\n\n<!-- wp:paragraph -->\n<p><strong><small>Diese Haltung bestimmt unseren Blick auf die Gesellschaft.<\/small><br><small>Unser Engagement f\u00fcr Bildung ist ein zivilgesellschaftliches<\/small><br><small>Engagement.<\/small><\/strong><\/p>\n<!-- \/wp:paragraph -->\n\n<!-- wp:paragraph -->\n<p><strong><small>Deshalb wenden wir uns gegen jeden Versuch, Grund- und<\/small><br><small>Menschenrechte (inklusive der Kinderrechte) auf einzelne<\/small><br><small>Gruppen zu beschr\u00e4nken. Wir grenzen uns deutlich gegen<\/small><br><small>rechte und demokratiefeindliche Tendenzen und Gruppen<\/small><br><small>ab und positionieren uns antifaschistisch.<\/small><\/strong><\/p>\n<!-- \/wp:paragraph -->\n\n<!-- wp:paragraph -->\n<p><strong><small>Wir stellen uns gruppenbezogener Menschenfeindlichkeit<\/small><br><small>(z.B. Rassismus und Sexismus) entgegen<\/small><br><small>und leben Diversit\u00e4t und Inklusion.<\/small><\/strong><\/p>\n<!-- \/wp:paragraph -->\n\n<!-- wp:paragraph -->\n<p><strong><small>Wir folgen dem aktuellen Stand der Wissenschaft.<\/small><br><small>Verschw\u00f6rungsmythen und Populismus<\/small><br><small>haben f\u00fcr uns kein Gewicht.<\/small><\/strong><\/p>\n<!-- \/wp:paragraph -->\n\n<!-- wp:paragraph -->\n<p><small>Wir k\u00e4mpfen f\u00fcr unsere gemeinsame Demokratie:<\/small><br><small><strong>Die W\u00fcrde des Menschen ist unantastbar.<\/strong><\/small><\/p>\n<!-- \/wp:paragraph -->\n\n<!-- wp:paragraph -->\n<p><small>Beschlossen auf der BFAS Mitgliederversammlung in Berlin - Oktober 2021\"<\/small><br>______________________&nbsp;<\/p>\n<!-- \/wp:paragraph --><\/blockquote>\n<!-- \/wp:quote --><\/div>\n<!-- \/wp:group -->\n\n<!-- wp:columns -->\n<div class=\"wp-block-columns\"><!-- wp:column {\"width\":\"100%\"} -->\n<div class=\"wp-block-column\" style=\"flex-basis:100%\"><!-- wp:paragraph -->\n<p>Nicht nur weil wir - die Freie Schule Tecklenburger Land - Mitglied im BFAS sind, unterst\u00fctzen wir diese Resolution, sondern wir f\u00fchlen uns auf Grund unseres gesellschaftlichen Verst\u00e4ndnisses aus tiefer \u00dcberzeugung dazu verpflichtet.&nbsp;&nbsp;<\/p>\n<!-- \/wp:paragraph --><\/div>\n<!-- \/wp:column --><\/div>\n<!-- \/wp:columns -->\n\n<!-- wp:columns -->\n<div class=\"wp-block-columns\"><!-- wp:column {\"width\":\"100%\"} -->\n<div class=\"wp-block-column\" style=\"flex-basis:100%\"><!-- wp:paragraph -->\n<p>Eine Zustimmung dieser Resolution bedeutet nicht, sich nicht - mehr - mit diesen Themen auseinanderzusetzen. Denn das wird immer wieder an verschiedenen Stellen ein Thema sowohl in unserer Gesellschaft als auch an unserer Schule sein - sei es im sozialen oder auch im schulisch\/inhaltlichen Kontext. Eine Zustimmung bedeutet letztendlich, dass wir uns ganz klar von verschiedenen Extremen abgrenzen und uns Werte wie Individualit\u00e4t, Menschlichkeit, Diversit\u00e4t, Inklusion und Demokratie in unserem Alltag wichtig sind und wir sie leben (wollen). Nicht immer gelingt das, aber wichtig ist daher weiterhin die Auseinandersetzung damit - gerade an einer Schule wie unserer!&nbsp;<\/p>\n<!-- \/wp:paragraph --><\/div>\n<!-- \/wp:column --><\/div>\n<!-- \/wp:columns -->","_et_gb_content_width":"1080","footnotes":""},"class_list":["post-53051","page","type-page","status-publish","hentry"],"_links":{"self":[{"href":"https:\/\/freie-schule.info\/home\/wp-json\/wp\/v2\/pages\/53051","targetHints":{"allow":["GET"]}}],"collection":[{"href":"https:\/\/freie-schule.info\/home\/wp-json\/wp\/v2\/pages"}],"about":[{"href":"https:\/\/freie-schule.info\/home\/wp-json\/wp\/v2\/types\/page"}],"author":[{"embeddable":true,"href":"https:\/\/freie-schule.info\/home\/wp-json\/wp\/v2\/users\/4"}],"replies":[{"embeddable":true,"href":"https:\/\/freie-schule.info\/home\/wp-json\/wp\/v2\/comments?post=53051"}],"version-history":[{"count":8,"href":"https:\/\/freie-schule.info\/home\/wp-json\/wp\/v2\/pages\/53051\/revisions"}],"predecessor-version":[{"id":53383,"href":"https:\/\/freie-schule.info\/home\/wp-json\/wp\/v2\/pages\/53051\/revisions\/53383"}],"wp:attachment":[{"href":"https:\/\/freie-schule.info\/home\/wp-json\/wp\/v2\/media?parent=53051"}],"curies":[{"name":"wp","href":"https:\/\/api.w.org\/{rel}","templated":true}]}}

[et_pb_section fb_built=&#8220;1&#8243; admin_label=&#8220;section&#8220; _builder_version=&#8220;4.16&#8243; global_colors_info=&#8220;{}&#8220;][et_pb_row admin_label=&#8220;row&#8220; _builder_version=&#8220;4.16&#8243; background_size=&#8220;initial&#8220; background_position=&#8220;top_left&#8220; background_repeat=&#8220;repeat&#8220; global_colors_info=&#8220;{}&#8220;][et_pb_column type=&#8220;4_4&#8243; _builder_version=&#8220;4.16&#8243; custom_padding=&#8220;|||&#8220; global_colors_info=&#8220;{}&#8220; custom_padding__hover=&#8220;|||&#8220;][et_pb_text admin_label=&#8220;Text&#8220; _builder_version=&#8220;4.16&#8243; background_size=&#8220;initial&#8220; background_position=&#8220;top_left&#8220; background_repeat=&#8220;repeat&#8220; global_colors_info=&#8220;{}&#8220;]
<div class="wp-block-columns is-layout-flex wp-container-core-columns-is-layout-9d6595d7 wp-block-columns-is-layout-flex">
<div class="wp-block-column is-layout-flow wp-block-column-is-layout-flow" style="flex-basis:100%">
<p>Unsere Schule ist Mitglied im &#8222;Bundesverband freier Alternativschulen&#8220; (BFAS). Auf dessen diesjährigen Bundestreffen wurde folgende Resolution besprochen und bei der Mitgliederversammlung überarbeitet und verabschiedet:&nbsp;</p>
</div>
</div>



<div class="wp-block-group is-layout-constrained wp-block-group-is-layout-constrained">
<blockquote class="wp-block-quote is-style-default is-layout-flow wp-block-quote-is-layout-flow">
<p>&#8222;<small>Update unserer Tempelhofer Resolution</small>: </p>



<p>______________________ <br><small>Resolution des BFAS</small><br><small>#bildungistpolitisch 2021</small><br><br><strong><small>Als Mitgliedsschulen des BFAS sind für uns</small><br><small>die Individualität und die Würde jedes Menschen,</small><br><small>der Anspruch auf eine selbstbestimmte Zukunft</small><br><small>und gleiche Rechte Ausgangspunkte unserer Arbeit.</small></strong></p>



<p><strong><small>Diese Haltung bestimmt unseren Blick auf die Gesellschaft.</small><br><small>Unser Engagement für Bildung ist ein zivilgesellschaftliches</small><br><small>Engagement.</small></strong></p>



<p><strong><small>Deshalb wenden wir uns gegen jeden Versuch, Grund- und</small><br><small>Menschenrechte (inklusive der Kinderrechte) auf einzelne</small><br><small>Gruppen zu beschränken. Wir grenzen uns deutlich gegen</small><br><small>rechte und demokratiefeindliche Tendenzen und Gruppen</small><br><small>ab und positionieren uns antifaschistisch.</small></strong></p>



<p><strong><small>Wir stellen uns gruppenbezogener Menschenfeindlichkeit</small><br><small>(z.B. Rassismus und Sexismus) entgegen</small><br><small>und leben Diversität und Inklusion.</small></strong></p>



<p><strong><small>Wir folgen dem aktuellen Stand der Wissenschaft.</small><br><small>Verschwörungsmythen und Populismus</small><br><small>haben für uns kein Gewicht.</small></strong></p>



<p><small>Wir kämpfen für unsere gemeinsame Demokratie:</small><br><small><strong>Die Würde des Menschen ist unantastbar.</strong></small></p>



<p><small>Beschlossen auf der BFAS Mitgliederversammlung in Berlin &#8211; Oktober 2021&#8243;</small><br>______________________&nbsp;</p>
</blockquote>
</div>



<div class="wp-block-columns is-layout-flex wp-container-core-columns-is-layout-9d6595d7 wp-block-columns-is-layout-flex">
<div class="wp-block-column is-layout-flow wp-block-column-is-layout-flow" style="flex-basis:100%">
<p>Nicht nur weil wir &#8211; die Freie Schule Tecklenburger Land &#8211; Mitglied im BFAS sind, unterstützen wir diese Resolution, sondern wir fühlen uns auf Grund unseres gesellschaftlichen Verständnisses aus tiefer Überzeugung dazu verpflichtet.&nbsp;&nbsp;</p>
</div>
</div>



<div class="wp-block-columns is-layout-flex wp-container-core-columns-is-layout-9d6595d7 wp-block-columns-is-layout-flex">
<div class="wp-block-column is-layout-flow wp-block-column-is-layout-flow" style="flex-basis:100%">
<p>Eine Zustimmung dieser Resolution bedeutet nicht, sich nicht &#8211; mehr &#8211; mit diesen Themen auseinanderzusetzen. Denn das wird immer wieder an verschiedenen Stellen ein Thema sowohl in unserer Gesellschaft als auch an unserer Schule sein &#8211; sei es im sozialen oder auch im schulisch/inhaltlichen Kontext. Eine Zustimmung bedeutet letztendlich, dass wir uns ganz klar von verschiedenen Extremen abgrenzen und uns Werte wie Individualität, Menschlichkeit, Diversität, Inklusion und Demokratie in unserem Alltag wichtig sind und wir sie leben (wollen). Nicht immer gelingt das, aber wichtig ist daher weiterhin die Auseinandersetzung damit &#8211; gerade an einer Schule wie unserer!&nbsp;</p>
</div>
</div>
[/et_pb_text][/et_pb_column][/et_pb_row][et_pb_row _builder_version=&#8220;4.21.0&#8243; _module_preset=&#8220;default&#8220;][et_pb_column _builder_version=&#8220;4.21.0&#8243; _module_preset=&#8220;default&#8220; type=&#8220;4_4&#8243;][et_pb_image src=&#8220;https://freie-schule.info/wp-content/uploads/2023/05/bfas_logo2023-scaled.jpg&#8220; _builder_version=&#8220;4.21.0&#8243; _module_preset=&#8220;default&#8220; title_text=&#8220;bfas_logo2023&#8243; url=&#8220;www.freie-alternativschulen.de&#8220; url_new_window=&#8220;on&#8220; hover_enabled=&#8220;0&#8243; sticky_enabled=&#8220;0&#8243;][/et_pb_image][/et_pb_column][/et_pb_row][/et_pb_section]

<p>Unsere Schule ist Mitglied im &#8222;Bundesverband freier Alternativschulen&#8220; (BFAS). Auf dessen diesjährigen Bundestreffen wurde folgende Resolution besprochen und bei der Mitgliederversammlung überarbeitet und verabschiedet:&nbsp; &#8222;Update unserer Tempelhofer Resolution:  ______________________ Resolution des BFAS#bildungistpolitisch 2021Als Mitgliedsschulen des BFAS sind für unsdie Individualität und die Würde jedes Menschen,der Anspruch auf eine selbstbestimmte Zukunftund gleiche Rechte Ausgangspunkte unserer Arbeit. Diese [&hellip;]</p>

<!-- wp:columns -->
<div class="wp-block-columns"><!-- wp:column {"width":"100%"} -->
<div class="wp-block-column" style="flex-basis:100%"><!-- wp:paragraph -->
<p>Unsere Schule ist Mitglied im "Bundesverband freier Alternativschulen" (BFAS). Auf dessen diesjährigen Bundestreffen wurde folgende Resolution besprochen und bei der Mitgliederversammlung überarbeitet und verabschiedet:&nbsp;</p>
<!-- /wp:paragraph --></div>
<!-- /wp:column --></div>
<!-- /wp:columns -->

<!-- wp:group {"layout":{"type":"constrained"}} -->
<div class="wp-block-group"><!-- wp:quote {"className":"is-style-default"} -->
<blockquote class="wp-block-quote is-style-default"><!-- wp:paragraph -->
<p>"<small>Update unserer Tempelhofer Resolution</small>: </p>
<!-- /wp:paragraph -->

<!-- wp:paragraph -->
<p>______________________ <br><small>Resolution des BFAS</small><br><small>#bildungistpolitisch 2021</small><br><br><strong><small>Als Mitgliedsschulen des BFAS sind für uns</small><br><small>die Individualität und die Würde jedes Menschen,</small><br><small>der Anspruch auf eine selbstbestimmte Zukunft</small><br><small>und gleiche Rechte Ausgangspunkte unserer Arbeit.</small></strong></p>
<!-- /wp:paragraph -->

<!-- wp:paragraph -->
<p><strong><small>Diese Haltung bestimmt unseren Blick auf die Gesellschaft.</small><br><small>Unser Engagement für Bildung ist ein zivilgesellschaftliches</small><br><small>Engagement.</small></strong></p>
<!-- /wp:paragraph -->

<!-- wp:paragraph -->
<p><strong><small>Deshalb wenden wir uns gegen jeden Versuch, Grund- und</small><br><small>Menschenrechte (inklusive der Kinderrechte) auf einzelne</small><br><small>Gruppen zu beschränken. Wir grenzen uns deutlich gegen</small><br><small>rechte und demokratiefeindliche Tendenzen und Gruppen</small><br><small>ab und positionieren uns antifaschistisch.</small></strong></p>
<!-- /wp:paragraph -->

<!-- wp:paragraph -->
<p><strong><small>Wir stellen uns gruppenbezogener Menschenfeindlichkeit</small><br><small>(z.B. Rassismus und Sexismus) entgegen</small><br><small>und leben Diversität und Inklusion.</small></strong></p>
<!-- /wp:paragraph -->

<!-- wp:paragraph -->
<p><strong><small>Wir folgen dem aktuellen Stand der Wissenschaft.</small><br><small>Verschwörungsmythen und Populismus</small><br><small>haben für uns kein Gewicht.</small></strong></p>
<!-- /wp:paragraph -->

<!-- wp:paragraph -->
<p><small>Wir kämpfen für unsere gemeinsame Demokratie:</small><br><small><strong>Die Würde des Menschen ist unantastbar.</strong></small></p>
<!-- /wp:paragraph -->

<!-- wp:paragraph -->
<p><small>Beschlossen auf der BFAS Mitgliederversammlung in Berlin - Oktober 2021"</small><br>______________________&nbsp;</p>
<!-- /wp:paragraph --></blockquote>
<!-- /wp:quote --></div>
<!-- /wp:group -->

<!-- wp:columns -->
<div class="wp-block-columns"><!-- wp:column {"width":"100%"} -->
<div class="wp-block-column" style="flex-basis:100%"><!-- wp:paragraph -->
<p>Nicht nur weil wir - die Freie Schule Tecklenburger Land - Mitglied im BFAS sind, unterstützen wir diese Resolution, sondern wir fühlen uns auf Grund unseres gesellschaftlichen Verständnisses aus tiefer Überzeugung dazu verpflichtet.&nbsp;&nbsp;</p>
<!-- /wp:paragraph --></div>
<!-- /wp:column --></div>
<!-- /wp:columns -->

<!-- wp:columns -->
<div class="wp-block-columns"><!-- wp:column {"width":"100%"} -->
<div class="wp-block-column" style="flex-basis:100%"><!-- wp:paragraph -->
<p>Eine Zustimmung dieser Resolution bedeutet nicht, sich nicht - mehr - mit diesen Themen auseinanderzusetzen. Denn das wird immer wieder an verschiedenen Stellen ein Thema sowohl in unserer Gesellschaft als auch an unserer Schule sein - sei es im sozialen oder auch im schulisch/inhaltlichen Kontext. Eine Zustimmung bedeutet letztendlich, dass wir uns ganz klar von verschiedenen Extremen abgrenzen und uns Werte wie Individualität, Menschlichkeit, Diversität, Inklusion und Demokratie in unserem Alltag wichtig sind und wir sie leben (wollen). Nicht immer gelingt das, aber wichtig ist daher weiterhin die Auseinandersetzung damit - gerade an einer Schule wie unserer!&nbsp;</p>
<!-- /wp:paragraph --></div>
<!-- /wp:column --></div>
<!-- /wp:columns -->
