{"id":51195,"date":"2017-12-18T10:31:13","date_gmt":"2017-12-18T10:31:13","guid":{"rendered":"http:\/\/test.freie-schule.info\/?page_id=51195"},"modified":"2026-05-15T20:40:08","modified_gmt":"2026-05-15T19:40:08","slug":"verein","status":"publish","type":"page","link":"https:\/\/freie-schule.info\/home\/verein\/","title":{"rendered":"Verein"},"content":{"rendered":"<p><div class=\"et_d4_element et_pb_section et_pb_section_0 et_animated et_pb_with_background  et_pb_css_mix_blend_mode et_section_regular et_block_section\" >\n\t\t\t\t\n\t\t\t\t\n\t\t\t\t\n\t\t\t\t\n\t\t\t\t\n\t\t\t\t\n\t\t\t\t<div class=\"et_d4_element et_pb_row et_pb_row_0  et_pb_css_mix_blend_mode et_block_row\">\n\t\t\t\t<div class=\"et_d4_element et_pb_column_4_4 et_pb_column et_pb_column_0  et_pb_css_mix_blend_mode et-last-child et_block_column\">\n\t\t\t\t\n\t\t\t\t\n\t\t\t\t\n\t\t\t\t\n\t\t\t\t<div class=\"et_pb_module et_d4_element et_pb_text et_pb_text_0  et_pb_text_align_center et_pb_bg_layout_dark\">\n\t\t\t\t\n\t\t\t\t\n\t\t\t\t\n\t\t\t\t\n\t\t\t\t<div class=\"et_pb_text_inner\"><h1 class=\"et_pb_slide_title\">Wie alles begann<\/h1>\n<p>Der Verein Freie Schule Tecklenburger Land e.V. wurde 2006 von engagierten Eltern, Lehrerinnen und Lehrern gegr\u00fcndet mit dem Ziel, eine reformp\u00e4dagogisch ausgerichtete Schule im Raum Ibbenb\u00fcren aufzubauen.<\/p><\/div>\n\t\t\t<\/div>\n\t\t\t<\/div>\n\t\t\t\t\n\t\t\t\t\n\t\t\t\t\n\t\t\t\t\n\t\t\t<\/div>\n\t\t\t\t\n\t\t\t\t\n\t\t\t<\/div><div class=\"et_d4_element et_pb_section et_pb_section_1 et_pb_with_background  et_pb_css_mix_blend_mode et_section_regular et_block_section\" >\n\t\t\t\t\n\t\t\t\t\n\t\t\t\t\n\t\t\t\t\n\t\t\t\t\n\t\t\t\t\n\t\t\t\t<div class=\"et_d4_element et_pb_row et_pb_row_1  et_pb_css_mix_blend_mode et_block_row\">\n\t\t\t\t<div class=\"et_d4_element et_pb_column_4_4 et_pb_column et_pb_column_1  et_pb_css_mix_blend_mode et-last-child et_block_column\">\n\t\t\t\t\n\t\t\t\t\n\t\t\t\t\n\t\t\t\t\n\t\t\t\t<div class=\"et_pb_module et_d4_element et_pb_text et_pb_text_1  et_pb_text_align_left et_pb_bg_layout_light\">\n\t\t\t\t\n\t\t\t\t\n\t\t\t\t\n\t\t\t\t\n\t\t\t\t<div class=\"et_pb_text_inner\">Der Verein hat zurzeit ca. 120 Mitglieder. In den ersten drei Jahren nach Gr\u00fcndung erstellten die Vereinsmitglieder in ehrenamtlicher Arbeit jeweils ein Schulkonzept f\u00fcr die Primarstufe und eines f\u00fcr die Realschule; sie schufen die rechtlichen Voraussetzungen f\u00fcr die Beantragung der Schulgenehmigungen. Die Antr\u00e4ge wurden Ende 2009 gestellt.<\/p>\n<p>Nach anf\u00e4nglicher Ablehnung des Sekundarstufenkonzepts und einem Klageverfahren wurde die Sekundarstufe der Freien Schule Tecklenburger Land zum Schuljahr 2010 genehmigt. Auch das Primarstufenkonzept wurde zun\u00e4chst abgelehnt, da das Land NRW das \u201ebesondere p\u00e4dagogische Interesse\u201c der geplanten Schule nicht anerkannte. Nach einer \u00dcberarbeitung und differenzierteren Darstellung einzelner wichtiger Punkte und einem Klageverfahren konnte die Primarstufe zum Schuljahr 2011 er\u00f6ffnet werden.<\/div>\n\t\t\t<\/div><div class=\"et_pb_module et_d4_element et_pb_divider_0 et_pb_space et_pb_divider_hidden\"><div class=\"et_pb_divider_internal\"><\/div><\/div>\n\t\t\t<\/div>\n\t\t\t\t\n\t\t\t\t\n\t\t\t\t\n\t\t\t\t\n\t\t\t<\/div><div class=\"et_d4_element et_pb_row et_pb_row_2  et_pb_css_mix_blend_mode et_block_row\">\n\t\t\t\t<div class=\"et_d4_element et_pb_column_4_4 et_pb_column et_pb_column_2  et_pb_css_mix_blend_mode et-last-child et_block_column\">\n\t\t\t\t\n\t\t\t\t\n\t\t\t\t\n\t\t\t\t\n\t\t\t\t<div class=\"et_pb_module et_d4_element et_pb_text et_pb_text_2  et_pb_text_align_left et_pb_bg_layout_light\">\n\t\t\t\t\n\t\t\t\t\n\t\t\t\t\n\t\t\t\t\n\t\t\t\t<div class=\"et_pb_text_inner\"><h1 style=\"text-align: center;\">Die Arbeit des Vereins<\/h1><\/div>\n\t\t\t<\/div><div class=\"et_pb_module et_d4_element et_pb_text et_pb_text_3  et_pb_text_align_left et_pb_bg_layout_light\">\n\t\t\t\t\n\t\t\t\t\n\t\t\t\t\n\t\t\t\t\n\t\t\t\t<div class=\"et_pb_text_inner\"><p>Tr\u00e4ger der Schule ist die FSTL-GmbH, vertreten durch die\/den Gesch\u00e4ftsf\u00fchrer*in. Alleiniger Gesellschafter ist der Verein \u201eFreie Schule Tecklenburger Land e.V.\u201c, der durch den Vereinsvorstand vertreten wird.<\/p>\n<p>Alle Eltern sind Mitglieder des Vereins. Sie haben die M\u00f6glichkeit, durch Mitarbeit in verschiedenen Gremien (Vorstand, Arbeitsgruppen, Elternrat\u2026.) ihre Ideen und Vorstellungen im Rahmen des Konzepts einzubringen. Zudem kann jede\/r sein Fachwissen in Form von Arbeitsgemeinschaften am Nachmittag den Sch\u00fclern vermitteln. Diese M\u00f6glichkeiten der Mitgestaltung und der regelm\u00e4\u00dfige intensive Kontakt zu den Lernbegleitern binden die Eltern stark an die Schule.<\/p>\n<p>Zu den Aufgaben des Vorstands geh\u00f6ren (zum Teil in Zusammenarbeit mit dem Gesch\u00e4ftsf\u00fchrer, dem Team oder den Eltern) die Finanzen, Personalfragen, \u00d6ffentlichkeitsarbeit, Standortfragen, Teilnahme an der Schulkonferenz, der schulinterne Lehrplan, die Schulentwicklung u.v.m.<\/p><\/div>\n\t\t\t<\/div>\n\t\t\t<\/div>\n\t\t\t\t\n\t\t\t\t\n\t\t\t\t\n\t\t\t\t\n\t\t\t<\/div><div class=\"et_d4_element et_pb_row et_pb_row_3  et_pb_css_mix_blend_mode et_block_row\">\n\t\t\t\t<div class=\"et_d4_element et_pb_column_4_4 et_pb_column et_pb_column_3  et_pb_css_mix_blend_mode et-last-child et_block_column\">\n\t\t\t\t\n\t\t\t\t\n\t\t\t\t\n\t\t\t\t\n\t\t\t\t<div class=\"et_pb_module et_d4_element et_pb_divider_1 et_pb_space et_pb_divider_hidden\"><div class=\"et_pb_divider_internal\"><\/div><\/div><div class=\"et_pb_module et_d4_element et_pb_text et_pb_text_4  et_pb_text_align_left et_pb_bg_layout_light\">\n\t\t\t\t\n\t\t\t\t\n\t\t\t\t\n\t\t\t\t\n\t\t\t\t<div class=\"et_pb_text_inner\"><h1 style=\"text-align: center;\">Die Satzung des Vereins<\/h1><\/div>\n\t\t\t<\/div><div class=\"et_pb_module et_d4_element et_pb_text et_pb_text_5  et_pb_text_align_left et_pb_bg_layout_light\">\n\t\t\t\t\n\t\t\t\t\n\t\t\t\t\n\t\t\t\t\n\t\t\t\t<div class=\"et_pb_text_inner\"><h2>\"Freie Schule Tecklenburger Land e.V.\"<\/h2>\n<p>zuletzt ge\u00e4ndert am\u00a026. April 2021<\/p>\n<p>&nbsp;<\/p>\n<h2>\u00a7 1 Name, Sitz, Gesch\u00e4ftsjahr<\/h2>\n<p>(1) Der Verein tr\u00e4gt den Namen \" Freie Schule Tecklenburger Land e.V.\"<\/p>\n<p>(2) Der Verein hat seinen Sitz in Ibbenb\u00fcren<\/p>\n<p>(3) Das Gesch\u00e4ftsjahr ist das Kalenderjahr.<\/p>\n<hr \/>\n<h2>\u00a7 2 Zweck und Aufgaben<\/h2>\n<p style=\"font-weight: 400;\"><span>(1) Zweck des Vereins ist die F\u00f6rderung von Bildung und Erziehung.<\/span><\/p>\n<p style=\"font-weight: 400;\"><span>(2) Der Satzungszweck wird verwirklicht insbesondere durch:<\/span><\/p>\n<ul>\n<li style=\"font-weight: 400;\"><span> die Errichtung und den Betrieb der Freien Schule Tecklenburger Land, einer Reformschule besonderer p\u00e4dagogischer Pr\u00e4gung, die sich an erfolgreichen Elementen der verschiedenen reformp\u00e4dagogischen Ans\u00e4tze orientiert,<\/span><\/li>\n<li style=\"font-weight: 400;\"><span> die Durchf\u00fchrung von Veranstaltungen der Erwachsenenbildung zu p\u00e4dagogischen Fragestellungen insbesondere f\u00fcr Lehrer*innen und Eltern.<\/span><\/li>\n<\/ul>\n<p style=\"font-weight: 400;\"><span>(3) Der Verein verfolgt ausschlie\u00dflich und unmittelbar gemeinnu\u0308tzige Wohlfahrtszwecke im Sinne des Abschnitts \u201esteuerbegu\u0308nstigte Zwecke\u201c der Abgabenordnung vom 1.1. 1977 in der jeweils gu\u0308ltigen Fassung. Der Verein ist selbstlos ta\u0308tig; er verfolgt keine eigenwirtschaftlichen Zwecke. Die Mittel des Vereins du\u0308rfen nur fu\u0308r die satzungsgema\u0308\u00dfen Zwecke verwendet werden. Die Mitglieder erhalten bei ihrem Ausscheiden oder bei Auflo\u0308sung oder Aufhebung des Vereins keine Anteile des Vereinsvermo\u0308gens. Die Mitglieder erhalten keine Zuwendungen aus Mitteln des Vereins. Es darf keine Person durch Ausgaben, die dem Zweck der Ko\u0308rperschaft fremd sind, oder durch unverha\u0308ltnisma\u0308\u00dfig hohe Vergu\u0308tungen begu\u0308nstigt werden.<\/span><\/p>\n<div class=\"page\" title=\"Page 1\">\n<div class=\"layoutArea\">\n<div class=\"column\">\n<div class=\"page\" title=\"Page 1\">\n<div class=\"layoutArea\">\n<div class=\"column\"><\/div>\n<\/div>\n<\/div>\n<\/div>\n<\/div>\n<\/div>\n<hr \/>\n<h2>\u00a7 3 Mitgliedschaft<\/h2>\n<p style=\"font-weight: 400;\"><span>(1) Die Mitgliedschaft in dem Verein wird erworben durch Beschluss der Mitgliederversammlung nach schriftlichen Antrag. In der Zeit zwischen den Mitgliederversammlungen kann der Vorstand Mitglieder vorl\u00e4ufig aufnehmen. Vorstandsbeschl\u00fcsse \u00fcber die Aufnahme von Mitgliedern bed\u00fcrfen der Zustimmung der Mitgliederversammlung.<\/span><\/p>\n<p style=\"font-weight: 400;\"><span>(2) Mitglied des Vereins kann jede nat\u00fcrliche Person werden, die bereit ist, sich f\u00fcr die Zwecke des Vereins einzusetzen und ihre Pflichten als Mitglied zu erf\u00fcllen.<\/span><\/p>\n<p style=\"font-weight: 400;\"><span>(3) Der Verein kann auch f\u00f6rdernde Mitglieder aufnehmen. Diese Mitglieder werden regelm\u00e4\u00dfig \u00fcber die Vereinst\u00e4tigkeit informiert, sind jedoch nicht wahl- und stimmberechtigt.<\/span><\/p>\n<hr \/>\n<h2>\u00a7 4 Ende der Mitgliedschaft<\/h2>\n<p style=\"font-weight: 400;\"><span>(1) Die Mitgliedschaft endet durch: a) Austritt, b) Ausschluss, c) Tod.<\/span><\/p>\n<p style=\"font-weight: 400;\"><span>(2) Austritt ist dem Vorstand schriftlich mitzuteilen. Er ist nur unter Einhaltung einer Frist von sechs Wochen zul\u00e4ssig.<\/span><\/p>\n<p style=\"font-weight: 400;\"><span>(3) \u00dcber den Ausschluss entscheidet auf Antrag die Mitgliederversammlung mit sofortiger Wirkung. Der Ausschluss aus dem Verein ist nur bei wichtigem Grund zul\u00e4ssig und kann nur mit satzungs\u00e4ndernder Mehrheit beschlossen werden.<\/span><\/p>\n<hr \/>\n<h2>\u00a7 5 Beitr\u00e4ge<\/h2>\n<p>Jedes Mitglied hat Vereinsbeitr\u00e4ge zu leisten, deren H\u00f6he von der Mitgliederversammlung bestimmt wird.<\/p>\n<hr \/>\n<h2>\u00a7 6 Organe<\/h2>\n<p>Organe des Vereins sind:<\/p>\n<p>\u00b7 der Vorstand<\/p>\n<p>\u00b7 die Mitgliederversammlung<\/p>\n<hr \/>\n<h2>\u00a7 7 Vorstand<\/h2>\n<p style=\"font-weight: 400;\"><span>(1) Der Vorstand vertritt den Verein gerichtlich und au\u00dfergerichtlich. Der Vorstand f\u00fchrt auch die laufenden Gesch\u00e4fte des Vereins, soweit er nicht andere Personen damit beauftragt. Jeweils entweder drei Vorstandsmitglieder oder der\/die Vorsitzende und sein\/ihre Stellvertreter*in gelten im Au\u00dfenverh\u00e4ltnis als gemeinsam vertretungsberechtigt.<\/span><\/p>\n<p style=\"font-weight: 400;\"><span>(2) Der Vorstand besteht aus dem\/der Vorsitzendem*n, einem\/r Stellvertreter*in, einem\/r Kassenwart*in und mindestens 2 Beisitzern*innen. Ein Vorstandsmitglied \u00fcbernimmt die Funktion des\/der Schriftf\u00fchrers*in. Die Vorstandsmitglieder regeln die sonstige interne Aufgabenverteilung durch eine Gesch\u00e4ftsordnung oder entsprechende Beschl\u00fcsse.<\/span><\/p>\n<p style=\"font-weight: 400;\"><span>(3) Der Vorstand wird von der Mitgliederversammlung f\u00fcr die Dauer von 2 Jahren gew\u00e4hlt. In den geraden Jahren werden der\/die 1. Vorsitzende und die Beisitzer*innen gew\u00e4hlt. In den ungeraden Jahren der\/die 2. Vorsitzende und der\/die Kassenwart*in gew\u00e4hlt.<\/span><\/p>\n<p style=\"font-weight: 400;\"><span>(4) Festangestellte Mitarbeiter*innen der FSTL GmbH k\u00f6nnen nicht in den Vorstand des Vereins gew\u00e4hlt werden. Sollen festangestellte Mitarbeiter*innen der FSTL GmbH im Vorstand t\u00e4tig werden, so k\u00f6nnen sie mit einer 3\/4 Mehrheit der MV im Einzelfall zur Wahl zugelassen werden.<\/span><\/p>\n<hr \/>\n<h2>\u00a7 8 Mitgliederversammlung<\/h2>\n<p style=\"font-weight: 400;\"><span>(1) Die Mitgliederversammlung ist mindestens einmal j\u00e4hrlich durch den Vorstand einzuberufen.<\/span><\/p>\n<p style=\"font-weight: 400;\"><span>(2) Die Mitgliederversammlung ist zus\u00e4tzlich einzuberufen, wenn mindestens ein Drittel der Vereinsmitglieder dies durch einen schriftlich begr\u00fcndeten Antrag vom Vorstand verlangt. In diesem Fall hat der Vorstand die Einberufung unverz\u00fcglich innerhalb von sechs Wochen nach Antragstellung zu bewirken.<\/span><\/p>\n<p style=\"font-weight: 400;\"><span>(3) Die Einberufung der Mitgliederversammlung erfolgt schriftlich unter Einhaltung einer Frist von zwei Wochen. Ihr muss die Tagesordnung beigef\u00fcgt sein. Die Schriftform gilt als eingehalten, wenn das Mitglied unter der dem Vorstand zuletzt mitgeteilten Adresse per E-Mail eingeladen wurde. Dazu sollen alle Mitglieder nach M\u00f6glichkeit eine E-Mail-Adresse mitteilen.<\/span><\/p>\n<p style=\"font-weight: 400;\"><span>(4) Beschlussf\u00e4hig ist jede ordnungsgem\u00e4\u00df einberufene Mitgliederversammlung.<\/span><\/p>\n<p style=\"font-weight: 400;\"><span>(5) Die Beschlussfassung erfolgt durch Handzeichen, auf Antrag von einem Drittel der Stimmberechtigten jedoch in schriftlicher und geheimer Abstimmung.<\/span><\/p>\n<p style=\"font-weight: 400;\"><span>(6) Ein Beschluss ist zustande gekommen, wenn er die Mehrheit der Stimmen auf sich vereinigt. F\u00fcr einen satzungs\u00e4ndernden Beschluss ist eine 2\/3-Mehrheit erforderlich.<\/span><\/p>\n<p style=\"font-weight: 400;\"><span>(7) Zu den haupts\u00e4chlichen Aufgaben der Mitgliederversammlung geh\u00f6ren:<\/span><\/p>\n<ul>\n<li style=\"font-weight: 400;\"><span> Wahl und Entlastung des Vorstandes<\/span><\/li>\n<li style=\"font-weight: 400;\"><span> Beschlussfassung \u00fcber den Vereinshaushalt, \u00fcber Satzungs\u00e4nderungen und \u00fcber die Aufl\u00f6sung des Vereins.<\/span><\/li>\n<\/ul>\n<hr \/>\n<h2>\u00a7 9 Beurkundung der Versammlungsbeschl\u00fcsse<\/h2>\n<p style=\"font-weight: 400;\"><span>(1) \u00dcber die in der Versammlung gefassten Beschl\u00fcsse ist eine Niederschrift anzufertigen.<\/span><\/p>\n<p style=\"font-weight: 400;\"><span>(2) Die Niederschrift ist vom Protokollf\u00fchrer und vom Versammlungsleiter zu unterzeichnen. Wenn mehrere Vorsitzende t\u00e4tig waren, unterzeichnet der\/die letzte Versammlungsleiter*in die gesamte Niederschrift.<\/span><\/p>\n<p style=\"font-weight: 400;\"><span>(3) Jedes Vereinsmitglied ist jederzeit berechtigt, die Niederschrift einzusehen. Einw\u00e4nde gegen die Richtigkeit des Protokolls k\u00f6nnen aber nur innerhalb eines Monats nach der vollst\u00e4ndigen Unterzeichnung eines Protokolls geltend gemacht werden.<\/span><\/p>\n<hr \/>\n<h2>\u00a7 10 Beschr\u00e4nkungen des \u00a7181 BGB<\/h2>\n<p>Die Vorstandsmitglieder k\u00f6nnen partiell von den Beschr\u00e4nkungen des \u00a7181 BGB befreit werden.<\/p>\n<hr \/>\n<h2>\u00a7 11 Aufl\u00f6sung des Vereins<\/h2>\n<p style=\"font-weight: 400;\"><span>(1) Der Verein kann von der Mitgliederversammlung mit satzungs\u00e4ndernder Mehrheit aufgel\u00f6st werden. Die Liquidation wird vom Vorstand durchgef\u00fchrt, sofern nicht die Mitgliederversammlung andere Liquidatoren ernennt.<\/span><\/p>\n<p style=\"font-weight: 400;\"><span>(2) Bei Auflo\u0308sung des Vereins oder bei Wegfall steuerbegu\u0308nstigter Zwecke fa\u0308llt das Vermo\u0308gen des Vereins an den Bundesverband der Freien Alternativschulen e. V., der es unmittelbar und ausschlie\u00dflich fu\u0308r gemeinnu\u0308tzige, mildta\u0308tige oder kirchliche Zwecke zu verwenden hat.<\/span><\/p>\n<div class=\"page\" title=\"Page 3\">\n<div class=\"layoutArea\">\n<div class=\"column\"><\/div>\n<\/div>\n<\/div><\/div>\n\t\t\t<\/div>\n\t\t\t<\/div>\n\t\t\t\t\n\t\t\t\t\n\t\t\t\t\n\t\t\t\t\n\t\t\t<\/div><div class=\"et_d4_element et_pb_row et_pb_row_4  et_pb_css_mix_blend_mode et_block_row\">\n\t\t\t\t<div class=\"et_d4_element et_pb_column_4_4 et_pb_column et_pb_column_4  et_pb_css_mix_blend_mode et-last-child et_block_column et_pb_column_empty\">\n\t\t\t\t\n\t\t\t\t\n\t\t\t\t\n\t\t\t\t\n\t\t\t\t\n\t\t\t<\/div>\n\t\t\t\t\n\t\t\t\t\n\t\t\t\t\n\t\t\t\t\n\t\t\t<\/div>\n\t\t\t\t\n\t\t\t\t\n\t\t\t<\/div><\/p>\n","protected":false},"excerpt":{"rendered":"","protected":false},"author":1,"featured_media":0,"parent":0,"menu_order":0,"comment_status":"closed","ping_status":"closed","template":"","meta":{"_et_pb_use_builder":"on","_et_pb_old_content":"","_et_gb_content_width":"","footnotes":""},"class_list":["post-51195","page","type-page","status-publish","hentry"],"_links":{"self":[{"href":"https:\/\/freie-schule.info\/home\/wp-json\/wp\/v2\/pages\/51195","targetHints":{"allow":["GET"]}}],"collection":[{"href":"https:\/\/freie-schule.info\/home\/wp-json\/wp\/v2\/pages"}],"about":[{"href":"https:\/\/freie-schule.info\/home\/wp-json\/wp\/v2\/types\/page"}],"author":[{"embeddable":true,"href":"https:\/\/freie-schule.info\/home\/wp-json\/wp\/v2\/users\/1"}],"replies":[{"embeddable":true,"href":"https:\/\/freie-schule.info\/home\/wp-json\/wp\/v2\/comments?post=51195"}],"version-history":[{"count":3,"href":"https:\/\/freie-schule.info\/home\/wp-json\/wp\/v2\/pages\/51195\/revisions"}],"predecessor-version":[{"id":53774,"href":"https:\/\/freie-schule.info\/home\/wp-json\/wp\/v2\/pages\/51195\/revisions\/53774"}],"wp:attachment":[{"href":"https:\/\/freie-schule.info\/home\/wp-json\/wp\/v2\/media?parent=51195"}],"curies":[{"name":"wp","href":"https:\/\/api.w.org\/{rel}","templated":true}]}}